
Suppose -5*h = -40 + 5. Let z(x) = -h - 4*x + 5 + 2. What is z(-3)?
12
Let s(c) = 7*c + 31. Let t be s(-4). Let l(f) = -4 + 58*f - f**t - 59*f - f**2 + 6*f**2 + 0*f**3. Give l(4).
8
Let p(k) = -4 + 2*k**2 + 5 + 1 + k + 2*k**3 - 3*k**3. Let x be p(3). Let a(i) = 3*i + 2*i + 5*i**2 - 2*i - 2*i**3 + 3*i**3. Give a(x).
4
Let w(n) = -n**3 - 4*n**2 - 2*n - 5. Let c be w(-4). Let i(r) be the first derivative of -r**2/2 + 5*r + 257. Calculate i(c).
2
Suppose 2*j - 50 + 10 = 0. Let p be 24/(-10)*j/6. Let m(y) = -2*y - 4. Determine m(p).
12
Let a(f) = -11*f - 6*f + 4*f + 15*f + 15*f. Give a(4).
68
Let l(t) = -3*t - 7. Let d be l(-3). Let g(w) = -w**2 - 3*w + 0*w**2 + 0*w**2 + d*w. Calculate g(-3).
-6
Let h(d) = -d**2 + 2*d. Let z(m) = -5*m**2 + 29*m - 13. Let o(w) = -4*h(w) + z(w). What is o(20)?
7
Let f be 1/(1/20*5). Let v(l) = -2*l + 3. What is v(f)?
-5
Let v(c) = -c**2 + 3*c + 1. Let d be 30/45*(-18)/4. Let x = d - -7. Determine v(x).
-3
Let z(d) = d**2 + d + 2. Let q = -8 - -18. Suppose -3*i + q = 2*i. Suppose i*c = -c. Determine z(c).
2
Let h be (4/6)/((-2)/(-9)). Let y(p) = -13*p. Suppose -2*u + 23 = 9. Let o(l) = 7*l. Let t(s) = u*o(s) + 4*y(s). Calculate t(h).
-9
Suppose d - 55 = -5*z - 39, -10 = 5*d - 5*z. Let g(f) = 30*f**2 + 1. Calculate g(d).
31
Let o(h) = -12 - 9 + 1 - 2*h + 5 + h. Determine o(-8).
-7
Let d be (-106)/(-10) - (-6)/(-10). Let l(g) = 1 - 4 + g**2 + 5*g**3 + 2 + d*g**3. What is l(1)?
15
Let c(k) = -k**3 + 9*k**2 - k - 8. Let x(o) = o**2 + 14*o - 6. Let y be x(-15). Determine c(y).
-17
Let f(k) = -13*k**3 + 22*k**2 - 101. Let g(v) = -3*v**3 + 5*v**2 - 25. Let n(h) = -2*f(h) + 9*g(h). Give n(0).
-23
Let m(b) = -5 - 47675*b - 3*b**2 + 47674*b + 4. Suppose 2*h + 6 = 7*h + 2*c, -4 = -5*h - 3*c. Determine m(h).
-15
Let l(n) = -7*n**2 - 13*n + 1. Let x(m) = 23*m - 4*m**2 - 16*m - 14*m. Suppose -5*y - 23 = -k, k + 6 = -2*y - 6. Let b(s) = y*x(s) + 3*l(s). What is b(-4)?
3
Let n(m) = 186*m - 2*m**2 + 4*m**3 - 360*m + 2 - 4*m**3 - m**3 + 176*m. Let f be (-7)/4 + 3/(-12). Determine n(f).
-2
Let c = -4 + 2. Let k(m) = 5*m**2 + 4*m + 2. Give k(c).
14
Let m(n) = n**2 - 20*n + 40. Let i be m(18). Let v(x) = x**3 + 4*x**3 + x**3 + i*x - 7*x**2 - 5*x**3. Give v(6).
-12
Let v(t) = -t**2 + 12*t - 42. Let o be v(5). Let w(g) = 5*g - 1. Determine w(o).
-36
Let q(s) = s + 2. Let o(i) = i**3 + 6*i**2 - 27*i + 6. Let w be o(-9). What is q(w)?
8
Let a = 92 - 90. Let m(k) = a*k + 3*k**2 - 10*k**2 + k**3 + 0*k + 3*k - 7. Give m(6).
-13
Suppose 4*s + 4 = 6*s. Let x(b) = 10*b**2 - b**2 + 0*b**s + 2*b**2 + 20*b**3 - 14. Let m(r) = 7*r**3 + 4*r**2 - 5. Let l(d) = 17*m(d) - 6*x(d). Calculate l(-1).
2
Let u(t) = t**2 + 25*t + 140. Let q be u(-17). Let y(n) = n**3 - 4*n**2 + 4*n - 5. Give y(q).
11
Suppose l - 3*v - 6 = -2, 2*v - 34 = 4*l. Let r(j) = j + 1. Give r(l).
-10
Suppose 0 = -79*y - 17 + 175. Let z(g) = -g**2 + 3*g - 1. Calculate z(y).
1
Let o(g) = -g**3 + 7*g**2 - g - 8. Let f be o(7). Let z be (-4)/12*f/5. Let r(d) = 16*d**2 + d. What is r(z)?
17
Let x(o) = -3*o - 2. Suppose -4*g + 446 - 458 = 0. Give x(g).
7
Let b(y) = 6*y - 6. Let s(i) = i - 1. Let w(q) = -b(q) + 2*s(q). What is w(4)?
-12
Let o(p) = -2*p - 51 - p**2 + 108 - 9*p - 52. Calculate o(-12).
-7
Suppose 2*k - 6*k = 16. Let y(u) be the third derivative of -u**5/120 + u**4/12 - u**3/3 + 26*u**2. Let l(r) be the first derivative of y(r). What is l(k)?
6
Let p(s) = 8*s**2 - 3456*s**3 + 16 - 21*s**2 + 3455*s**3 + 3*s. Calculate p(-13).
-23
Let t(v) be the third derivative of -v**4/12 + 8*v**3 - 286*v**2 + 1. Calculate t(16).
16
Let j(y) = y**2 + 3*y + 3. Let a be (3/5)/(7/35). Suppose -2*x - 7 = a*m + 6, 4*m = 4*x + 16. Let r(h) = 4*h**3 - 1. Let i be r(m). What is j(i)?
13
Let z(o) = -3*o + 7. Let r be z(5). Let v be 1/(1 + r/10). Let y(l) = l**2 - 4*l - 4. Calculate y(v).
1
Let b(o) = -2*o**2 - 11*o + 6. Let p be b(-6). Suppose -c = p, a + 5*c + 1 = 3*c. Let x(g) = -1 + 236*g - 3*g**3 - 235*g + 2. What is x(a)?
3
Suppose 20 = -51*h + 47*h. Let u(z) = z**2 + 5*z - 2. Determine u(h).
-2
Suppose -4*a + 5*a - 41 = -4*f, 2*f - 28 = 2*a. Let s = f + -10. Let l(g) = 4*g - 1. Let h(p) = 4*p - 1. Let m(d) = -3*h(d) + 2*l(d). Calculate m(s).
-3
Let x(s) be the third derivative of 0*s - 4/3*s**3 - 1/120*s**6 + 1/6*s**5 + 1/24*s**4 + 0 + 13*s**2. Calculate x(10).
2
Let z(b) = b**2 - 2*b + 4. Let h be z(5). Let j = h - 22. Let p(s) = s**2 + 5*s + 4. What is p(j)?
-2
Let s be (-1)/1*0/14. Let a(l) = 2 - 4 + l + l**3 + 1 + 4*l**2 + s. Determine a(-3).
5
Let b(k) = k + 2. Let d = 11 + -7. Suppose 0 = -3*f - f - d*u + 12, 0 = -2*f - 4*u. Calculate b(f).
8
Let r(f) = 2*f - 7. Let s(m) = -m**3 - 5*m**2 + 6*m. Let i be s(-6). Suppose 2*t - 3*l - 26 = -3, -3*t - 5*l + 6 = i. Give r(t).
7
Suppose -36 + 0 = -4*t. Suppose t*d = 32 - 5. Let k(u) = -3*u - 2*u**2 + 4*u**2 + 4 - u**2. Give k(d).
4
Suppose 0*n - 5*n + 20 = 0. Suppose n*z = -a - 13 - 4, 0 = -z - 3. Let f(v) = 3*v - 5. Give f(a).
-20
Let z = 21 - 15. Let a(t) be the first derivative of -t**2/2 + t - 1. Give a(z).
-5
Let a(g) = -g**2 + 3*g - g**2 - 4*g. Let l(s) = s - 81. Let i be l(80). What is a(i)?
-1
Let i(s) = -13*s**2 + 26*s - 19. Let g(w) = -2*w**2 + 2*w - 2. Let t(l) = -6*g(l) + i(l). Give t(13).
6
Let s = 8 + -5. Let l(g) = 2*g + 2. Let h(b) = -b**2 + 6*b. Let n(w) = h(w) - 2*l(w). Give n(s).
-7
Let z(x) = x**3 + 6*x**2 + 3*x - 7. Let r = 33 - 31. Let j(h) = 0 - r + 13*h + 0 - 10*h. Let c be j(-1). Calculate z(c).
3
Suppose -5*m + 60 - 10 = 0. Suppose m*v = 5*v - 150. Let k be (v/40)/((-2)/(-16)). Let c(b) = -b**3 - 5*b**2 + 5*b - 1. Give c(k).
5
Let r(w) be the first derivative of 11*w**2/2 + 3*w - 175. Determine r(-3).
-30
Let f(h) = 2 + 3*h**3 + 3*h**3 - 7*h**3. Let y = -7 + 11. Suppose 2*i + 12 = -y*n - 2*i, -4*i - 4 = 0. What is f(n)?
10
Let q(n) = -n**2 - 4*n. Let u(p) = 6*p + 7. Let d(m) = -q(m) - u(m). Calculate d(-3).
8
Let d(i) = i**3 + 3*i**2 - 4*i - 1. Suppose z = -3*z - 32. Let p(q) = q + 4. Let r be p(z). What is d(r)?
-1
Let f(q) = q**2 + 27. Let i = -202 + 202. Give f(i).
27
Let w(v) = 68*v + 5. Let c(u) = -102*u - 7. Let a(o) = 5*c(o) + 7*w(o). Calculate a(1).
-34
Let o be 1 + 1 + -3 - -4. Suppose 0*t + 36 = -o*t. Let x be (16/t)/(4/(-18)). Let s(h) = -h + 5. Give s(x).
-1
Let h(s) be the second derivative of s**4/6 + s**2 + 26*s. Let i = 6 - 8. Calculate h(i).
10
Let z(s) = 4*s - 6. Let m be z(3). Let f = -18 + 20. Let k(l) = 3 - 8 + l - f*l + 6. Calculate k(m).
-5
Let x(v) be the third derivative of 0 + 20*v**2 + 1/24*v**4 + 0*v - 1/3*v**3. Determine x(8).
6
Let p(s) = -9 - 6*s - 17*s**2 + 4*s**2 + 12*s**2. Determine p(-6).
-9
Let w(b) = 10*b + 21*b + 20*b - 49*b + 10. Determine w(-12).
-14
Let p(d) be the third derivative of d**5/15 + d**4/12 - d**3/6 + d**2. Let n(h) = 23*h**2 - 26*h + 1. Let b be n(1). Give p(b).
11
Let r(t) = 3*t**2 - 60*t + 75. Let c(z) = -z**2 + 19*z - 24. Let i(q) = -19*c(q) - 6*r(q). Determine i(0).
6
Let q(d) = d**2 - 13*d - 20. Let o = 121 + -106. Determine q(o).
10
Let l(q) = -21*q + 82. Let p be l(4). Let a(n) = -n**3 - 4*n**2 + 5. Calculate a(p).
-3
Let m(j) = -j**2 + 5*j - 4. Let i be m(6). Let s be i/(-20) - (-11)/(-2). Let n(y) = -y**3 - 6*y**2 - 5*y - 3. Determine n(s).
-3
Let p be (-4)/4*3 + 24. Let w = p - 13. Let o = 7 - w. Let c(s) = 7*s**3 - s**2 + s + 1. Calculate c(o).
-8
Suppose 0 = -814*k + 823*k + 126. Let m(w) = -3*w - 8. Determine m(k).
34
Suppose -7 = -2*i - 25. Let g(n) be the first derivative of -n**3/3 - 4*n**2 + 11*n + 19. Determine g(i).
2
Let z(y) be the third derivative of y**6/120 - y**5/12 - 5*y**4/24 + 3*y**3/2 + 211*y**2. Determine z(6).
15
Let s(l) = l + 8. Let t be s(-3). Let v(w) be the second derivative of -1/12*w**4 + 0*w**3 + 0 - 3*w**2 - 5*w - 1/20*w**t. Determine v(0).
-6
Let c(h) = 4 + 7*h**2 + 7*h - 3*h - 16*h**2 + 8*h**2. Let u(w) = -w**2 + 4*w + 4. Let f(k) = -4*c(k) + 3*u(k). Determine f(5).
1
Let s(a) = 2*a**2 + 9*a + 5. Suppose -2*u - 16 = -13*m + 15*m, 5*m + 2*u + 28 = 0. Determine s(m).
1
Let u(q) = -2*q - 1. Let i(m) = 4*m + 2. Let w(a) = 6*i(a) + 13*u(a). Let g be ((-15)/(-5))/21 - 491/7. Let s = g - -72. Give w(s).
-5
Suppose 6 - 1 = -5*w. Let q be (0/11)/(w*1). Suppose -b - d - 4*d + 30 = q, b = -3*d + 20. Let v(a) = -a**3 + 4*a**2 + 3*a + 6. Det